/7 + 1914 prime?
False
Suppose 2*t = -0*t - t. Suppose -c + 1658 = -0*y + 5*y, 2*y + 3*c - 671 = t. Is y a prime number?
True
Is 378644/14*1/2 a composite number?
False
Let k = -55041 - -95936. Is k prime?
False
Let k(h) = -h**3 - 6*h**2 - 9*h - 5. Let u be k(-6). Suppose -u - 89 = -3*l. Let f = 259 - l. Is f a composite number?
True
Let u(q) = q**2 + 5*q + 14. Let i be u(7). Suppose i + 80 = 2*t. Is t a prime number?
True
Suppose m + 5*q + 6 = 0, -4*m - 5*q = -2*m + 2. Suppose -m*x - 3*x = -8141. Is x composite?
False
Let w be (-592)/(-208) - 4/(-26). Suppose 4*d - 550 = -2*p - d, w*p = 5*d + 775. Is p a composite number?
True
Suppose i - 4*w + 24793 = 2*i, -w = 4*i - 99172. Is i composite?
False
Let n = 745 + -542. Is n a composite number?
True
Suppose 2*m = 26736 + 11506. Is m composite?
False
Let n(l) = -l**3 + 3*l**2 - 5*l + 4. Let d be n(2). Let z(x) = 1 - 5 + 2 - 17*x + 5. Is z(d) composite?
False
Let b(k) = 1152*k + 7. Let t be b(8). Suppose 1547 = -4*g + t. Is g prime?
False
Suppose 4*s + 3*m - m = 190, 2*s - 96 = -2*m. Suppose -2*b - b - 4*o = -s, -5*b + 60 = 3*o. Suppose -4*n = -1267 - b. Is n a composite number?
True
Let u(z) = 0 + 8 + 0 + 5 + 2*z**2 - 12*z. Let v = -19 + 28. Is u(v) a prime number?
True
Suppose -2*t + 2*s = -2*s - 16, 5*t = 3*s + 19. Suppose 0*r = t*r - 8. Is -138*(-3)/2 + r a composite number?
False
Suppose 12 = 4*r - 24. Let w(g) = g**3 - 10*g**2 + 11*g - 13. Let f be w(r). Suppose 5*p = 3*n - 35 + 7, -f*p - 16 = -n. Is n composite?
True
Let k(o) = 2*o**3 + 5*o**2 - 7*o - 9. Let x be k(-3). Let t = -1 - -1. Suppose t = x*l - 416 - 505. Is l composite?
False
Let h = 3323 + -878. Let p be ((-4)/(-5))/(3/h). Suppose 5*s = 3*i - 984, -3*s - p = -2*i - s. Is i a prime number?
False
Suppose 47*l - 4699 = 10*l. Is l a prime number?
True
Suppose -3*a = 4*b + 8, 0 = -2*b - b - 5*a + 5. Let x be 5*1*(9 - (8 + 2)). Is 0 - x/(b/(-134)) prime?
False
Let j(g) = -3*g - 12. Let i be j(-6). Is i/((-3006)/753 - -4) a prime number?
False
Suppose -5*k = d + 20, 0*d = 4*d + k + 4. Suppose d*j + 5 = 5*j. Is ((-21)/12)/(j/(-8)) prime?
False
Let n = 8165 - 2336. Suppose 4*a + 7*h = 3*h + 7772, -4*h = -3*a + n. Is a a prime number?
False
Let h = 70422 - 32225. Is h a composite number?
False
Is (-2*(-3)/(-18))/(4/(-7476)) a prime number?
False
Suppose -8778 = 11*w - 41041. Is w a composite number?
True
Let s = 3870 - 1297. Is s prime?
False
Let b(h) = -h + 1 + h - h - h. Let l be b(-1). Suppose 11 = d - l. Is d prime?
False
Is (586/(-5))/((-32)/80) a composite number?
False
Let i(t) = 5*t + 15*t**2 - 13 + 21 - 10*t**2. Let x = 8 - 14. Is i(x) a prime number?
False
Let x be -4*2/4 + (8 - 1). Suppose -5*s = -x, 4*j - 5*s = 26 - 3. Is j composite?
False
Suppose 0 = -37*p + 4*p + 657063. Is p a composite number?
True
Suppose c - 5*h = -0*c + 15, -h = 2*c - 8. Suppose -935 + 3750 = c*k. Is k a prime number?
True
Let s = -4 + -4. Let q be (-4)/s*(631 - -3). Suppose -x - 52 = -q. Is x a prime number?
False
Let b = 32 + -7. Let y(g) = -g**3 - 6*g**2 - 5*g + 5. Let k be y(-6). Let r = k - b. Is r prime?
False
Let j be 4/6*1*33. Let p = j - 18. Suppose -4*g + 150 = 4*k - 3*k, 5*k = p*g - 138. Is g prime?
True
Suppose 0 - 2 = 2*i, -5*i = c - 90. Is c composite?
True
Is (4/(-6))/(46/(-135309)) prime?
False
Is ((-23)/(-6))/(-23)*6 - -26922 composite?
False
Let a be (5 - 4)/(4/2856). Suppose 8999 = 5*i + a. Is i a prime number?
True
Suppose -14 = -2*m + 10. Is 528/14 - (m/7 - 2) composite?
True
Let c(d) be the first derivative of d**4/2 + 11*d**3/3 - 3*d**2 + 9*d - 6. Let k be c(-9). Let q = k + 771. Is q a composite number?
True
Let p(a) = -27*a**3 - 5*a**2 - 17*a - 17. Is p(-6) composite?
False
Let c = 28627 - 19388. Is c a composite number?
False
Let s(q) = -70*q**3 + 4*q**2 + 9*q + 2. Is s(-3) a prime number?
True
Suppose 0 = 5*u + 10, -38*z + 1182 = -36*z - 5*u. Is z a composite number?
True
Let q = -32 - -37. Suppose -q*d = -2*d - 1941. Is d a composite number?
False
Suppose -5*r + 15 = -q + 2, -3*q = -5*r + 19. Suppose -6 = -i - 1. Suppose r*y = i*y - 213. Is y a prime number?
True
Let b(z) = -4*z**3 + 47*z**2 + 17*z + 3. Let a be b(12). Let q = -2 - -5. Suppose 1031 = 2*u - q*r, -a = u - r - 579. Is u composite?
True
Let i = -13 - -113. Let g be i*1 - (-9 + 13). Let q = g + 302. Is q a composite number?
True
Let b(o) be the second derivative of 2*o**3 + 11*o**2/2 + 7*o. Suppose 3*k = -0*k + 36. Is b(k) prime?
False
Is -2 + 38748/2 + 1 composite?
False
Suppose -4*o + 62430 = 4*f - 67394, 2*o = f + 64918. Is o a composite number?
True
Let r be (28/10)/((-4)/(-10)). Let f be (r + -3)*(-3)/(-6). Suppose 120 + 1366 = 3*w - 5*d, -f*w - 3*d = -959. Is w prime?
True
Let d = -2763 + 5752. Let s = d + -2004. Is s a composite number?
True
Suppose h + 4*k + 0*k = 33, -2*h + 72 = 2*k. Let a(t) = -t**2 + 4*t - 1. Let c be a(7). Let u = h + c. Is u composite?
True
Let c(h) = -3*h**3 + 8*h**2 - 6*h - 4. Let z(i) = i**3 + i**2 + i + 1. Let x be (3/(-12))/(3/12). Let s(w) = x*c(w) + 2*z(w). Is s(4) a prime number?
False
Let p(m) = m. Let f be p(-6). Is f/(-24)*(2473 - -3) a prime number?
True
Let t(m) = m**2 - 7*m + 4. Let p be t(6). Let b = p + 5. Suppose -3*j - 12 = 0, 8*c - b*c - 147 = -2*j. Is c prime?
True
Let w(d) = -6*d - 5. Let i(h) = -7*h - 4. Let m(y) = -5*i(y) + 6*w(y). Let g be m(-6). Is g*4/16*-31 composite?
False
Let f(u) = -30*u + 16. Let z be f(-7). Let s = z - 117. Is s a composite number?
False
Suppose -4*a + 2214 + 335 = 5*m, 3*m = 4*a - 2573. Is a composite?
False
Let x(o) = 2*o**3 - 16*o**2 + 4*o - 51. Is x(17) composite?
True
Suppose 2*n = -5 + 29. Suppose -5*s - v + 31 = -2*s, -s = 2*v - n. Is s/15*(-618)/(-4) a composite number?
False
Let d = -200 - -984. Let p(h) = -11*h - 16. Let n be p(-6). Suppose -n = -2*q + d. Is q a prime number?
False
Suppose 4*m - 2 = -3*q, -2*m - 3 = -q - m. Let k be (40/(-3))/(q/(-132)). Let h = k + -435. Is h composite?
True
Let n = -771 - -2240. Is n a composite number?
True
Let c(m) = -242*m + 277. Is c(-11) composite?
False
Is 7395 + (-6)/3 + (-29 - -29) prime?
True
Let c(d) = d**2 - 8*d + 1. Let l(x) = x**2 - 1. Let m(h) = -6*h + 3. Let v(w) = l(w) + m(w). Let f be v(4). Is c(f) a composite number?
True
Suppose 4*j - 25 = 5*t, 0*j + t = -4*j + 19. Suppose 4*s + j*k - 3629 = 0, -23 = -4*k - 3. Is s a composite number?
True
Is 2 + 22463/(4 + -5 + 2) composite?
True
Let c(x) = -6*x - 8. Let k be c(-5). Let d = k - 131. Let y = d - -202. Is y a prime number?
False
Is (-100)/40 + (-13206)/(-4) composite?
False
Is 1657*(2 + 8 + 3) prime?
False
Let q be 11 + -10 + (-2)/2. Suppose -2*s - 5*u + 203 = -51, -4*s + u + 508 = q. Is s a prime number?
True
Suppose -3*u = -2*r + 2494, r - 3*u = 102 + 1139. Is r prime?
False
Suppose 2*h + 2*k = 6798, 0*k = 4*k - 16. Suppose 14*r - 19*r = -h. Is r composite?
True
Let b = 20608 + -5039. Is b prime?
True
Suppose -5*o = -2*h - 72589, 0 = 35*o - 37*o + 2*h + 29032. Is o a prime number?
True
Let u(g) = 280*g**2 - g - 4. Is u(3) prime?
False
Let s be 2 - (-3 - -6) - -16. Let w = s + -11. Suppose -2*k = -w - 0, -4*b - 5*k + 1086 = 0. Is b prime?
True
Let s be (-1431)/(-18) - (-1 - 1/(-2)). Let o = s + 389. Is o a prime number?
False
Suppose 2*q - q = 0. Is 669 - q/(4/(-8)*2) a prime number?
False
Suppose 4*s = 9*s + 5*t - 4720, 0 = 5*t + 25. Is s prime?
False
Suppose t = -4 + 3. Is (-122)/t*9/6 a prime number?
False
Suppose 13 - 1 = 4*a. Suppose -2*i + 16 = i + 2*o, -a*o = -15. Suppose -3*c + 4*m = -5*c + 570, -5*m - 606 = -i*c. Is c a prime number?
True
Suppose -3*r + 7*r = -4*h + 13220, 4*h = r + 13240. Suppose b - o + h = 6*b, 3*b = -2*o + 1984. Is b composite?
True
Let s = 21 + -19. Suppose k - 3*u = -2365, -s*u - u = k + 2335. Is (k/(-30))/((-2)/(-6)) composite?
True
Let l(k) = -k. Let i be l(-2). Let n = 88 + -84. Suppose -n*x = 3*v - i*v - 308, 2*x - 154 = -3*v. Is x a composite number?
True
Is -1*(-5259 + -3)/2 a composite number?
True
Let v = -8 + 10. Suppose v*c - c = 0. Suppose -1472 = -4*k - 4*l, -5*k + c*l = l - 1860. Is k a prime number?
True
Let w(t) = t**3 - t**2 - t + 2. Let s be w(0). Let x be (2 - 1)/(s/52). Let b = 39 - x. Is b a composite number?
False
Let i(b) = 1560*b - 118. Is i(10) prime?
False
Let h(m) = 878*m**2 + 4*m - 7. Is h(3) a prime number?
T